Find Your NWS Forecast:
  Current Conditions
°F   
Feels like 0°F
Cold
 
High Today of: °F @ <#TtempTH>
Low Today of: °F @ <#TtempTL>

Humidity: <#hum> %  
Dew Point: °F  
Barometer: inHg  
Wind:  <#wdir> @
Gusting to: mph
 
Rain Today: in
Rain Yesterday: in
This Month: in
17488 Days without rain
 
Solar: <#SolarRad> W/m2
UV: <#UV>    None 
 
  Sun / Moon
Sunrise: 4:00pm
Sunset: 4:00pm
Moonrise: 4:00pm
Moonset: 4:00pm
 
  California Extremes
High
89°F at Imperial/Co, CA
Low
32°F at Truckee-tahoe, CA
Precip
5.09in at Blue Canyon Amos, CA
 
 
  Fire Index
Fire Danger
 
 
  Oceanic Niño Index
Your browser does not support HTML5
Blue - La Niña , Red - El Niño
Last updated 8 hours 14 minutes ago
 
 

NOAA-Style Climate Reports

Select a Year or Month report
2017: Jan Feb Mar Apr May Jun Jul Aug Sep Oct Nov Dec

Report for 2017 October
                   Monthly Climatological Summary for Oct 2017

Name: Central Valley Weather   City: Yuba City   State: California
Elevation: 62 ft  Lat: S 00 00 00   Lon: W 000 00 00

                  Temperature (°F), Rain (in), Wind Speed (mph)

                                      Heat  Cool        Avg
    Mean                              Deg   Deg         Wind                 Dom
Day Temp  High   Time   Low    Time   Days  Days  Rain  Speed High   Time    Dir
----------------------------------------------------------------------------------
06  74.4  86.6   16:14  59.0   09:23   0.2   5.9  0.00   0.5   5.0   14:07   SSW
07  67.3  86.6   16:24  52.7   04:44   3.7   6.0  0.01   0.3   6.0   11:16   SSE
08  67.3  79.6   15:34  54.5   04:04   2.1   4.4  0.00   2.2  20.0   11:02   SSW
09  67.5  82.3   16:20  58.6   06:49   2.1   4.6  0.00   1.8  13.0   02:19    SW
10  63.1  78.7   15:34  50.0   07:12   5.1   3.1  0.00   0.2   5.0   14:40     S
11  61.8  75.0   15:11  51.7   06:06   4.1   1.8  0.01   1.4  12.0   16:16   SSW
12  64.3  75.1   16:09   0.0   09:26   2.3   2.0  0.00   1.2  11.0   14:20   SSW
13  60.0  77.8   16:36  44.1   06:55   7.5   2.5  0.01   0.5   8.0   11:00   SSW
14  63.2  78.7   15:47  53.0   23:28   4.8   2.9  0.00   2.0  17.0   10:02    SW
15  61.4  82.0   15:49  45.4   05:50   7.3   3.7  0.00   0.3   5.0   08:03   SSW
16  61.2  81.9   16:44  45.8   05:46   7.6   3.8  0.01   0.3   5.0   11:16   SSW
17  61.8  81.3   16:13  47.7   07:41   7.0   3.8  0.01   0.2   5.0   12:39   SSW
18  62.2  80.5   15:25  46.1   06:06   6.4   3.6  0.00   0.6   7.0   23:11   ENE
19  61.9  73.5   15:14  52.8   06:19   4.6   1.5  0.03   2.9  11.0   08:48   ENE
20  55.4  64.1   15:34  48.3   07:25   9.6   0.0  0.08   1.0  13.0   00:02     E
21  55.7  69.9   15:14  44.8   04:19   9.9   0.7  0.03   0.3   6.0   13:40     S
22  61.1  75.9   16:06  46.6   06:07   6.7   2.8  0.01   1.0  12.0   22:53    SW
23  68.8  84.8   16:16  55.0   07:52   1.5   5.2  0.01   1.0  13.0   01:10   SSW
24  67.6  85.8   16:15  55.5   07:07   3.1   5.7  0.00   0.2   4.0   11:31    NE
25  67.9  87.4   16:37  55.4   07:33   2.9   5.8  0.00   0.3   6.0   13:59   SSW
26  66.9  86.2   16:13  53.3   07:14   3.8   5.6  0.00   0.2   4.0   11:56   SSW
27  65.8  84.7   15:23  52.0   07:46   4.2   4.9  0.00   0.2   4.0   15:20   SSW
28  65.4  84.6   15:56  51.7   07:31   4.4   4.9  0.00   0.2   4.0   13:25    SE
29  64.5  83.2   15:34  51.5   07:45   4.6   4.2  0.00   0.2   4.0   12:45   ESE
30  59.6  68.8   15:45  53.2   23:57   5.9   0.5  0.00   1.7   9.0   08:45   ENE
31  56.3  68.3   15:07  45.6   07:31   9.0   0.3  0.00   0.5   5.0   10:50     E
----------------------------------------------------------------------------------
    63.6  87.4    25     0.0    12   130.4  90.2  0.21   0.8  20.0     8       S

Max >=  80.0 14
Max <=  32.0  0
Min <=   0.0  1
Min <= -18.0  0
Max Rain: 0.08 on day 20
Days of Rain: 0 (>= 0.10 in)  0 (>= 2.00 in)  0 (>= 20.00 in)
Heat Base: 65.0  Cool Base: 65.0  Method: Integration